 + 1. What is the tens digit of c(u)?
4
Suppose 0 = 4*z + z + 2*y + 5, 0 = -2*y. What is the hundreds digit of (z - 324)*(-8 - (-28)/4)?
3
Suppose -2*x + 2*f - 88 = 0, 5*x - 4*f + 52 = -168. Let h = -111 - -193. Let v = h + x. What is the units digit of v?
8
Let r(c) = c**2 + c + 99. Let d be r(0). Let l = d - 23. Let p = -35 + l. What is the tens digit of p?
4
Suppose 5*i - 3*v = -v + 25, 2*v = i - 13. Suppose 0*l - 2*l = -10, i*o - 5*l = 137. What is the tens digit of o?
5
Let l be 11/55 + ((-404)/(-5) - 0). Let s = l - 63. What is the tens digit of s?
1
Suppose -2*m - 4*o - 6 = 0, 4*o + 18 - 3 = -5*m. Let c be (m - (-2 - -2))*1. What is the tens digit of (-1)/(c/(-150)*-1)?
5
Let r = -108 - -129. Let n(d) = d**2 - 16*d - 26. What is the units digit of n(r)?
9
Suppose -3*h = 3*i - 57, -i + 3*h + h = -39. Let t = i + -17. What is the units digit of ((-3)/9 - -3)*t?
6
Let l(a) be the third derivative of 1/6*a**3 - 1/60*a**5 + 4*a**2 + 0 - 5/24*a**4 + 0*a. What is the units digit of l(-5)?
1
Let j = -44 - -47. Suppose 0 = 5*x + 3*m - 109, 2*x - j*x = -2*m - 14. What is the tens digit of x?
2
Let r(p) be the third derivative of p**6/120 - p**5/4 + p**4/24 - 11*p**3/6 + 5*p**2. Let f be r(15). Suppose -3*t + f*t = 19. What is the tens digit of t?
1
Suppose -549 = -4*l + 727. What is the units digit of l?
9
Suppose 4*g + 2*u = 18, -g - 3*u + 2 = -0*u. Suppose 3*d + 0*d - 4*t - 428 = 0, -4*t = -g*d + 708. What is the units digit of d?
0
Let v(g) = -200*g - 169. What is the units digit of v(-20)?
1
What is the hundreds digit of (-957)/(-22)*(-4 + -13)*-2?
4
Let a be 3 - ((-12)/(-4) + -3). Let y be a/5 - 492/(-30). Suppose f - 5 + 2 = 0, -u + 2*f = -y. What is the units digit of u?
3
What is the tens digit of (1097/(-2))/((-16)/64)?
9
Suppose c - 3683 = -3*p, -p + 1233 = -337*c + 340*c. What is the tens digit of p?
2
Let h = 316 - 118. What is the tens digit of h?
9
Let t be 4/(-6) - 271/3. Let k be 2/3 - t/39. What is the tens digit of k - (-31 - -3)/1?
3
Let u(b) be the third derivative of -b**4/6 + 7*b**3/3 + 10*b**2. What is the units digit of u(0)?
4
Let n = -13 + 17. Let w(q) = 41*q + 15. What is the tens digit of w(n)?
7
Let u(x) = -x - 5. Let o be u(4). Let n = o - -6. What is the units digit of (20 - n)/((-3)/(-3))?
3
Let i be (-8)/12*-3 + 2. Suppose y - i*f + f = -25, -3*y - 43 = -f. Let v = 16 + y. What is the units digit of v?
3
Let y = 19 - 19. Suppose f + 3 = y, x = -x - 3*f + 27. What is the tens digit of x?
1
Let j(s) = -s**2 + 8*s + 52. Suppose -q - 5*q = -72. What is the units digit of j(q)?
4
Let a be (-2753)/4 - (-2)/8. Let z = a - -987. What is the units digit of z?
9
Suppose -1387 = -5*v - 2*t, -193 - 913 = -4*v + 2*t. What is the hundreds digit of v?
2
Let a(i) = i**3 + 11*i**2 + 17*i + 6. Let g be a(-7). Let b = g - 44. What is the tens digit of b?
3
What is the thousands digit of ((-6)/(-12))/((-2)/(-4492))?
1
Let h = -6 - 0. Let f = 6 + h. Suppose 5*k - s = 84 + 39, f = -5*k + 4*s + 132. What is the units digit of k?
4
Let i = -2757 + 4164. What is the units digit of i?
7
Suppose -4*n + 0*n = -f - 13982, -4*n - 4*f = -13972. What is the units digit of n?
5
Let g(w) = 311*w + 16. Let j(m) = 62*m + 3. Let b(r) = 2*g(r) - 11*j(r). What is the units digit of b(-2)?
9
Let h(v) = -v**3 + v**2 + 2*v + 60. Let j be h(0). Suppose 8*o - 7*o - j = 0. What is the tens digit of o?
6
Suppose -4*b + 746 + 154 = 4*t, 5*t - 1133 = 3*b. Suppose -8*x + t = -6*x. What is the tens digit of x?
1
Suppose 0 = 5*z - 7*z + t + 1320, 3*t - 1304 = -2*z. What is the units digit of z?
8
Let g be ((1 + -2)*1)/1. What is the units digit of g + 4 - (-3 - 109)?
5
Let c(f) = f + 1. Let t be c(-1). Suppose t*d = -2*d. Suppose 4*s - 114 = -3*r - 12, -4*r - s + 149 = d. What is the units digit of r?
8
Let a(w) = 192*w. Let x(s) = 2*s. Let l(f) = a(f) - 72*x(f). What is the units digit of l(1)?
8
Suppose -5*n - 3*x - 196 = -x, 0 = 2*n - x + 82. Let q = n + 91. What is the units digit of q?
1
Suppose -q - 3*q = -240. Suppose m = 3*n + 5, 6*m - 2*m + q = -4*n. Let r = 44 + m. What is the tens digit of r?
3
Let u(t) = 60*t - 2. Let z be u(2). Let y = z - 68. What is the units digit of y?
0
Suppose -193287 = -78*k + 21*k. What is the tens digit of k?
9
Let w(c) = -c + 1. Let t(l) = l**2 + 18*l + 21. Let q(z) = -t(z) + 5*w(z). What is the tens digit of q(-15)?
0
Let n = 108 + -181. Let u = n + 148. What is the units digit of u?
5
Let w = 50 + -26. Let z be 30/(-4)*w/(-30). Suppose 5*g = z*g - 53. What is the units digit of g?
3
Suppose 4*x + 1361 = 2*g - 217, -3180 = -4*g + 2*x. What is the units digit of g?
7
Suppose 3*s - 4*n - 1651 - 6173 = 0, 4*n + 2608 = s. What is the thousands digit of s?
2
Suppose 3*n + 2443 = 8*n + z, -n + 483 = 3*z. What is the tens digit of n?
8
Suppose -25*d + 40 = -17*d. Let p(f) = 9*f**2 + 6*f - 1. What is the tens digit of p(d)?
5
What is the units digit of ((-11)/(-12) - 2/(-6))*808?
0
Let r(w) = -6*w - 9*w + 24*w + w**3 + 14 - 8*w + 15*w**2. Let l be r(-15). Let s(n) = -58*n**3 - n**2 + 1. What is the tens digit of s(l)?
5
Let p(n) = 6*n**3 + 2*n**2 - 1. Let u be p(-1). Let x = 0 - u. Suppose b - x*b = -t - 55, 4*t = -2*b + 14. What is the tens digit of b?
1
What is the tens digit of 30769/203*-1*(-6 + -1)?
6
Suppose -58 = -2*l + 122. What is the units digit of l?
0
Let x(j) = 124*j**2 + 19*j - 58. What is the hundreds digit of x(3)?
1
Suppose 5*p + c = -85, 0 = -p - 4*p + 2*c - 70. Let t = p - -18. What is the units digit of 34/(-6)*(-8 + t)?
4
Let x(v) = 185*v + 113. What is the units digit of x(3)?
8
Suppose -2*u = -3*w - 1089, -w + 245 = u - 287. What is the hundreds digit of u?
5
Let f(o) = 9*o**2 - 1. Let x be f(-1). Let u = x - 4. Suppose -i + 9 + u = 0. What is the tens digit of i?
1
Let y = -8 + 4. Let k(u) = 94*u + 2. Let a be k(1). What is the tens digit of (a/30)/(y/(-30))?
2
Suppose 3*a = 4*d + 1953, -7*d + 1279 = 2*a - 2*d. What is the tens digit of a?
4
Let p = -51 + 364. What is the units digit of p?
3
Let v(n) = n + 112. What is the units digit of v(34)?
6
Let d be (-2580)/(-50) + 4/10. Let b = d - 30. What is the tens digit of 4 + b + (-3)/(-3)?
2
Let d(k) = -2*k**2 - k + 1. Let r be d(-1). Suppose -3*w - 3*j + 6 = r, 0 = -0*w + w + 5*j + 2. Suppose 5*m = w*m + 126. What is the tens digit of m?
6
Let j = 3062 - 749. What is the hundreds digit of j?
3
Let v = -10 + 2. Let y be v/(-16)*1*10. Suppose -49 = -2*k + y*q, -q - 22 = -2*k + 23. What is the tens digit of k?
2
Let r = 2673 - 668. What is the thousands digit of r?
2
What is the tens digit of ((-3114)/24)/(2 + 9/(-4))?
1
Suppose -5470 = -2*w - 2*p, 7*p - 10939 = -4*w + 2*p. What is the units digit of w?
6
Let r(l) be the second derivative of l**5/20 - l**4/2 + 2*l**3/3 - 15*l**2/2 + 20*l. What is the tens digit of r(7)?
6
Let l(o) = 3*o**2 - 2*o - 5. Let b = -4 + 1. What is the units digit of l(b)?
8
Let r(g) = 7*g**2 - 14*g + 22. What is the tens digit of r(2)?
2
Let q(m) = 24*m**2 + 7*m - 19. What is the units digit of q(4)?
3
Let o(a) = -92*a + 2. Let k(z) = -367*z + 9. Let r(g) = -6*k(g) + 26*o(g). What is the tens digit of r(-1)?
8
Let f be -2 + (-35)/(-3) - 5/(-15). Suppose o = 2*c + 92, -4*c + 10 = -f. What is the hundreds digit of o?
1
Suppose a + 8 = 2*x, 1 = -a + 3. Suppose -x*k = 3*l - 559, 3*l + 5*k - 366 = l. What is the tens digit of l?
9
Let s(r) = 18*r + 10*r - 11*r - 12. What is the units digit of s(3)?
9
Let q(o) be the second derivative of -o**7/2520 - o**6/72 + o**5/24 + o**4/6 + 2*o. Let h(z) be the third derivative of q(z). What is the tens digit of h(-8)?
2
Let s(k) = 18*k - 51. Let l be s(20). Suppose 225 + l = 3*q. What is the tens digit of q?
7
Suppose 4*z = 26 + 30. Let b = z - 9. What is the units digit of b?
5
Suppose 0 = -3*q + 8*q - 65. Let l = q - 10. What is the tens digit of (0 - l)*(-5 - -1)?
1
Suppose -3*n + 111 = -4*q, -5*q - 5*n = -4*n + 134. Let m = -54 - q. Let c = -16 - m. What is the units digit of c?
1
Let d = 25 + -17. What is the units digit of (80/(-12))/((d/(-156))/1)?
0
Let l(w) = -77*w - 43. What is the units digit of l(-9)?
0
Let d(w) = w**3 - 3*w**2 - 5*w + 6. Let i be d(4). Let n be i/2 + 2 - 2. What is the units digit of (n - 4)*(-8)/24?
1
Suppose 3*a + 3 = -3*x - 3, 3*a + 22 = 5*x. Let l(g) = x*g**2 - 2 +